{"id":120,"date":"2024-10-25T19:07:43","date_gmt":"2024-10-25T17:07:43","guid":{"rendered":"http:\/\/lechemb.cluster029.hosting.ovh.net\/?page_id=120"},"modified":"2024-12-19T17:32:20","modified_gmt":"2024-12-19T16:32:20","slug":"des-reperes","status":"publish","type":"page","link":"https:\/\/www.lechemindebethanie.fr\/index.php\/des-reperes\/","title":{"rendered":"Quelques rep\u00e8res religieux:"},"content":{"rendered":"\n<p><strong>Les d\u00e9buts du christianisme&nbsp;:<\/strong><\/p>\n\n\n\n<p>Suite \u00e0 l\u2019Ascension du Christ apr\u00e8s sa R\u00e9surrection, les ap\u00f4tres et les disciples se dispers\u00e8rent dans le monde romain afin de r\u00e9pandre sa parole. L&#8217;empire par ses moyens de communication leur permit de se d\u00e9placer dans leur environnement proche Gr\u00e8ce, \u00c9gypte, Rome, puis vers des zones plus \u00e9loign\u00e9es, Asie mineure, Espagne, Inde, etc. <\/p>\n\n\n\n<ul class=\"wp-block-list\">\n<li><em>Les ap\u00f4tres et disciples du Christ dans le monde romain&nbsp;:<\/em><\/li>\n<\/ul>\n\n\n\n<p><strong>Saint Pierre<\/strong>, \u00e0 Antioche et Rome martyr en 67.<\/p>\n\n\n\n<p><strong>Saint Paul<\/strong>, Rome , Ath\u00e8nes et de nombreux voyages, martyr en 67.<\/p>\n\n\n\n<p><strong>Saint Jean<\/strong>, J\u00e9rusalem, Samarie, Eph\u00e8se, Pathmos.<\/p>\n\n\n\n<p><strong>Saint Jacques le Mineur<\/strong> Ev\u00eaque de J\u00e9rusalem, martyr en 62.<\/p>\n\n\n\n<p><strong>Saint Mathieu<\/strong>, Palestine , Ethiopie, martyr.<\/p>\n\n\n\n<p><strong>Saint Jude ou Thadd\u00e9e<\/strong>, M\u00e9sopotamie, Liban , martyr.<\/p>\n\n\n\n<p><strong>Saint Thomas<\/strong>, finira sa mission en Inde, martyr.<\/p>\n\n\n\n<p><strong>Saint Barth\u00e9l\u00e9my<\/strong>, Arm\u00e9nie, Albanopolis, martyr.<\/p>\n\n\n\n<p><strong>Simon le Z\u00e9lote<\/strong>, Perse martyr.<\/p>\n\n\n\n<p><strong>Saint Philippe<\/strong>, Asie Mineure, Hi\u00e9rapolis, martyr.<\/p>\n\n\n\n<p><strong>Saint Andr\u00e9<\/strong>, Balkan et sud de la Russie, Patras , martyr.<\/p>\n\n\n\n<p><strong>Saint Jacques le Majeur<\/strong>, Espagne, martyr en 43. &nbsp;<\/p>\n\n\n\n<p><strong>L\u2019empire romain au 1 er si\u00e8cle<\/strong><\/p>\n\n\n\n<figure class=\"wp-block-image size-full\"><img loading=\"lazy\" decoding=\"async\" width=\"702\" height=\"448\" src=\"http:\/\/lechemb.cluster029.hosting.ovh.net\/wp-content\/uploads\/2024\/10\/image.png\" alt=\"\" class=\"wp-image-121\" srcset=\"https:\/\/www.lechemindebethanie.fr\/wp-content\/uploads\/2024\/10\/image.png 702w, https:\/\/www.lechemindebethanie.fr\/wp-content\/uploads\/2024\/10\/image-300x191.png 300w\" sizes=\"auto, (max-width: 702px) 100vw, 702px\" \/><\/figure>\n\n\n\n<ul class=\"wp-block-list\">\n<li><em>Les pers\u00e9cutions&nbsp;:<\/em><\/li>\n<\/ul>\n\n\n\n<p>Apr\u00e8s la condamnation de J\u00e9sus par Ponce Pilate, les pers\u00e9cutions des chr\u00e9tiens par les autorit\u00e9s se sont poursuivies de mani\u00e8re \u00e9pisodique pendant trois si\u00e8cles.  <\/p>\n\n\n\n<p>Le message du Christ enjoignant \u00e0 r\u00e9pandre sa parole et les pers\u00e9cutions, motiv\u00e8rent certainement les ap\u00f4tres ainsi que les disciples, pour quitter la Palestine et \u00e9chapper \u00e0 une \u00e9radication possible. Le fait que la Provence accueille tout un groupe d&rsquo;une m\u00eame origine ressemble \u00e0 ces exodes de familles enti\u00e8res que l&rsquo;on a pu connaitre apr\u00e8s la chute des Tsars de Russie ou lors de la guerre d&rsquo;Espagne, etc. Ce qui expliquerait pourquoi, le rivage des Saintes Maries de la mer vit d\u00e9barquer, en 42-43, les membres de la maison de B\u00e9thanie en fuite. <\/p>\n\n\n\n<p><em><sub>Cf: Marthe de B\u00e9thanie Le pouvoir de l\u2019Amour de Olivier Joachim\u00a0: \u00a9 2017, Groupe Elidia,\u00c9ditions<\/sub><\/em><\/p>\n\n\n\n<ol class=\"wp-block-list\">\n<li><strong>Les Saints de Provence<\/strong><\/li>\n<\/ol>\n\n\n\n<ul class=\"wp-block-list\">\n<li>Qui sont les Saintes et Saints qui \u00e9vang\u00e9lis\u00e8rent la Provence&nbsp;?<\/li>\n<\/ul>\n\n\n\n<p>Ce sont les membres de la maison de B\u00e9thanie. La fratrie de B\u00e9thanie; <a href=\"https:\/\/www.lechemindebethanie.fr\/index.php\/2024\/11\/04\/sainte-marie-madeleine\/\">Sainte Marie Madeleine<\/a>, <a href=\"https:\/\/www.lechemindebethanie.fr\/index.php\/2024\/11\/09\/sainte-marthe\/\">Sainte Marthe<\/a> et <a href=\"https:\/\/www.lechemindebethanie.fr\/index.php\/2024\/11\/09\/saint-lazare\/\">Saint Lazare<\/a>. <a href=\"https:\/\/www.lechemindebethanie.fr\/index.php\/2024\/11\/12\/saint-maximin\/\">Saint Maximin<\/a> intendant de la famille de B\u00e9thanie. <a href=\"https:\/\/www.lechemindebethanie.fr\/index.php\/2024\/11\/09\/sainte-marie-jacobee\/\">Sainte Marie Jacob\u00e9e<\/a>, la m\u00e8re de Jacques le Mineur. <a href=\"https:\/\/www.lechemindebethanie.fr\/index.php\/2024\/11\/12\/sainte-marie-salome\/\">Sainte Marie Salom\u00e9<\/a>, la m\u00e8re des ap\u00f4tre Jacques et Jean. <a href=\"https:\/\/www.lechemindebethanie.fr\/index.php\/2024\/11\/12\/sainte-sara\/\">Sainte Sara<\/a> servante de Sainte Salom\u00e9.<\/p>\n\n\n\n<figure class=\"wp-block-image size-full\"><img loading=\"lazy\" decoding=\"async\" width=\"702\" height=\"413\" src=\"http:\/\/lechemb.cluster029.hosting.ovh.net\/wp-content\/uploads\/2024\/10\/image-1.png\" alt=\"\" class=\"wp-image-122\" srcset=\"https:\/\/www.lechemindebethanie.fr\/wp-content\/uploads\/2024\/10\/image-1.png 702w, https:\/\/www.lechemindebethanie.fr\/wp-content\/uploads\/2024\/10\/image-1-300x176.png 300w\" sizes=\"auto, (max-width: 702px) 100vw, 702px\" \/><\/figure>\n\n\n\n<figure class=\"wp-block-image size-full\"><img loading=\"lazy\" decoding=\"async\" width=\"653\" height=\"309\" src=\"http:\/\/lechemb.cluster029.hosting.ovh.net\/wp-content\/uploads\/2024\/10\/image-2.png\" alt=\"\" class=\"wp-image-123\" srcset=\"https:\/\/www.lechemindebethanie.fr\/wp-content\/uploads\/2024\/10\/image-2.png 653w, https:\/\/www.lechemindebethanie.fr\/wp-content\/uploads\/2024\/10\/image-2-300x142.png 300w\" sizes=\"auto, (max-width: 653px) 100vw, 653px\" \/><\/figure>\n\n\n\n<p><strong>N.B :<\/strong> <em>Pour faire des commentaires ou remarques, utilisez notre page Facebook<\/em>: Le chemin de B\u00e9thanie<\/p>\n","protected":false},"excerpt":{"rendered":"<p>Les d\u00e9buts du christianisme&nbsp;: Suite \u00e0 l\u2019Ascension du Christ apr\u00e8s sa R\u00e9surrection, les ap\u00f4tres et les disciples se dispers\u00e8rent dans le monde romain afin de r\u00e9pandre sa parole. L&#8217;empire par ses moyens de communication leur permit de se d\u00e9placer dans leur environnement proche Gr\u00e8ce, \u00c9gypte, Rome, puis vers des zones plus \u00e9loign\u00e9es, Asie mineure, Espagne, [&hellip;]<\/p>\n","protected":false},"author":1,"featured_media":90,"parent":0,"menu_order":3,"comment_status":"closed","ping_status":"closed","template":"","meta":{"footnotes":""},"class_list":["post-120","page","type-page","status-publish","has-post-thumbnail","hentry"],"_links":{"self":[{"href":"https:\/\/www.lechemindebethanie.fr\/index.php\/wp-json\/wp\/v2\/pages\/120","targetHints":{"allow":["GET"]}}],"collection":[{"href":"https:\/\/www.lechemindebethanie.fr\/index.php\/wp-json\/wp\/v2\/pages"}],"about":[{"href":"https:\/\/www.lechemindebethanie.fr\/index.php\/wp-json\/wp\/v2\/types\/page"}],"author":[{"embeddable":true,"href":"https:\/\/www.lechemindebethanie.fr\/index.php\/wp-json\/wp\/v2\/users\/1"}],"replies":[{"embeddable":true,"href":"https:\/\/www.lechemindebethanie.fr\/index.php\/wp-json\/wp\/v2\/comments?post=120"}],"version-history":[{"count":10,"href":"https:\/\/www.lechemindebethanie.fr\/index.php\/wp-json\/wp\/v2\/pages\/120\/revisions"}],"predecessor-version":[{"id":308,"href":"https:\/\/www.lechemindebethanie.fr\/index.php\/wp-json\/wp\/v2\/pages\/120\/revisions\/308"}],"wp:featuredmedia":[{"embeddable":true,"href":"https:\/\/www.lechemindebethanie.fr\/index.php\/wp-json\/wp\/v2\/media\/90"}],"wp:attachment":[{"href":"https:\/\/www.lechemindebethanie.fr\/index.php\/wp-json\/wp\/v2\/media?parent=120"}],"curies":[{"name":"wp","href":"https:\/\/api.w.org\/{rel}","templated":true}]}}